{"id":3029,"date":"2019-08-09T09:33:01","date_gmt":"2019-08-09T07:33:01","guid":{"rendered":"https:\/\/physikalische-therapie.net\/?page_id=3029"},"modified":"2026-01-27T21:30:05","modified_gmt":"2026-01-27T19:30:05","slug":"fussreflexzonentherapie","status":"publish","type":"page","link":"https:\/\/physikalische-therapie.net\/?page_id=3029","title":{"rendered":"Fu\u00dfreflexzonentherapie"},"content":{"rendered":"<h1>Fu\u00dfreflexzonentherapie<\/h1>\n<p><a href=\"https:\/\/physikalische-therapie.net\/wp-content\/uploads\/fussreflexzonen4.jpg\" rel=\"lightbox[3029]\"><img loading=\"lazy\" decoding=\"async\" class=\"size-full wp-image-3573 alignleft\" src=\"https:\/\/physikalische-therapie.net\/wp-content\/uploads\/fussreflexzonen4.jpg\" alt=\"\" width=\"310\" height=\"240\"\/><\/a>Als Pionier der neueren Reflexzonenmassage gilt der amerikanische Arzt William Fitzgerald (1872\u20131942). Er hatte neben schulmedizinischen Kenntnissen auch solche \u00fcber Methoden indianischer Volksmedizin, wozu Vorstellungen \u00fcber reflektorische Zusammenh\u00e4nge und eine Druckbehandlung geh\u00f6ren, die seit Jahrhunderten und noch heute in Reservaten angewendet werden. Er teilte den K\u00f6rper in zehn senkrechte Zonen ein. Dieses Konzept und die von ihm entwickelte \u00bbZonentherapie\u00ab waren 1917 der Grundstein f\u00fcr die heutige Reflexzonen-Therapie. Sp\u00e4ter wurden diese L\u00e4ngszonen noch in jeweils drei Querzonen eingeteilt. Diese Einteilung ist auch heute noch die Grundlage.<\/p>\n<p>Bei der Fu\u00dfreflexzonenmassage werden drucksensible Zonen zur Befunderhebung und durch mechanische oder andere Reizung stimuliert. Gute Wirkung kann die Fu\u00dfreflexzonenmassage erzielen<\/p>\n<ul>\n<li>bei Stressbelastung,<\/li>\n<li>bei Kopfschmerzen und Migr\u00e4ne,<\/li>\n<li>bei R\u00fcckenschmerzen,<\/li>\n<li>bei Atemwegsbeschwerden,<\/li>\n<li>bei Beschwerden der Harnblase,<\/li>\n<li>bei Bl\u00e4hungen,<\/li>\n<li>bei Menstruationsbeschwerden, in den Wechseljahren.<\/li>\n<\/ul>\n<p>Ein weiterf\u00fchrendes Video zum Thema finden Sie auf der Website von <a href=\"http:\/\/www.fussreflex.de\/Fussrelflex_D_1080.mp4\" target=\"_blank\" rel=\"noopener noreferrer\"><em>Hanne-Marquardt-Fu\u00dfreflex<\/em><\/a><sup>\u00ae<\/sup>.<\/p>\n<p><em>Quelle:<\/em> mit Material von <a href=\"https:\/\/de.wikipedia.org\/wiki\/Reflexzonenmassage\" target=\"_blank\" rel=\"noopener noreferrer\">Wikipedia<\/a><\/p>\n","protected":false},"excerpt":{"rendered":"<p>Fu\u00dfreflexzonentherapie Als Pionier der neueren Reflexzonenmassage gilt der amerikanische Arzt William Fitzgerald (1872\u20131942). Er hatte neben schulmedizinischen Kenntnissen auch solche \u00fcber Methoden indianischer Volksmedizin, wozu Vorstellungen \u00fcber reflektorische Zusammenh\u00e4nge und eine Druckbehandlung geh\u00f6ren, die seit Jahrhunderten und noch heute in Reservaten angewendet werden. Er teilte den K\u00f6rper in zehn senkrechte Zonen ein. Dieses Konzept und [&hellip;]<\/p>\n","protected":false},"author":1,"featured_media":0,"parent":3023,"menu_order":10,"comment_status":"closed","ping_status":"closed","template":"","meta":{"_acf_changed":false,"footnotes":""},"class_list":["post-3029","page","type-page","status-publish","hentry"],"acf":[],"yoast_head":"<!-- This site is optimized with the Yoast SEO plugin v27.5 - https:\/\/yoast.com\/product\/yoast-seo-wordpress\/ -->\n<title>Fu\u00dfreflexzonentherapie | Erg\u00e4nzende manuelle Behandlung<\/title>\n<meta name=\"description\" content=\"Fu\u00dfreflexzonentherapie als erg\u00e4nzende Methode zur F\u00f6rderung von Entspannung, K\u00f6rperwahrnehmung und vegetativer Regulation.\" \/>\n<meta name=\"robots\" content=\"index, follow, max-snippet:-1, max-image-preview:large, max-video-preview:-1\" \/>\n<link rel=\"canonical\" href=\"https:\/\/physikalische-therapie.net\/?page_id=3029\" \/>\n<meta property=\"og:locale\" content=\"de_DE\" \/>\n<meta property=\"og:type\" content=\"article\" \/>\n<meta property=\"og:title\" content=\"Fu\u00dfreflexzonentherapie | Erg\u00e4nzende manuelle Behandlung\" \/>\n<meta property=\"og:description\" content=\"Fu\u00dfreflexzonentherapie als erg\u00e4nzende Methode zur F\u00f6rderung von Entspannung, K\u00f6rperwahrnehmung und vegetativer Regulation.\" \/>\n<meta property=\"og:url\" content=\"https:\/\/physikalische-therapie.net\/?page_id=3029\" \/>\n<meta property=\"og:site_name\" content=\"Praxis f\u00fcr K\u00f6rpertherapie\" \/>\n<meta property=\"article:modified_time\" content=\"2026-01-27T19:30:05+00:00\" \/>\n<meta property=\"og:image\" content=\"https:\/\/physikalische-therapie.net\/wp-content\/uploads\/fussreflexzonen4.jpg\" \/>\n\t<meta property=\"og:image:width\" content=\"310\" \/>\n\t<meta property=\"og:image:height\" content=\"240\" \/>\n\t<meta property=\"og:image:type\" content=\"image\/jpeg\" \/>\n<meta name=\"twitter:card\" content=\"summary_large_image\" \/>\n<meta name=\"twitter:label1\" content=\"Gesch\u00e4tzte Lesezeit\" \/>\n\t<meta name=\"twitter:data1\" content=\"2\u00a0Minuten\" \/>\n<script type=\"application\/ld+json\" class=\"yoast-schema-graph\">{\"@context\":\"https:\\\/\\\/schema.org\",\"@graph\":[{\"@type\":\"WebPage\",\"@id\":\"https:\\\/\\\/physikalische-therapie.net\\\/?page_id=3029\",\"url\":\"https:\\\/\\\/physikalische-therapie.net\\\/?page_id=3029\",\"name\":\"Fu\u00dfreflexzonentherapie | Erg\u00e4nzende manuelle Behandlung\",\"isPartOf\":{\"@id\":\"https:\\\/\\\/physikalische-therapie.net\\\/#website\"},\"primaryImageOfPage\":{\"@id\":\"https:\\\/\\\/physikalische-therapie.net\\\/?page_id=3029#primaryimage\"},\"image\":{\"@id\":\"https:\\\/\\\/physikalische-therapie.net\\\/?page_id=3029#primaryimage\"},\"thumbnailUrl\":\"https:\\\/\\\/physikalische-therapie.net\\\/wp-content\\\/uploads\\\/fussreflexzonen4.jpg\",\"datePublished\":\"2019-08-09T07:33:01+00:00\",\"dateModified\":\"2026-01-27T19:30:05+00:00\",\"description\":\"Fu\u00dfreflexzonentherapie als erg\u00e4nzende Methode zur F\u00f6rderung von Entspannung, K\u00f6rperwahrnehmung und vegetativer Regulation.\",\"breadcrumb\":{\"@id\":\"https:\\\/\\\/physikalische-therapie.net\\\/?page_id=3029#breadcrumb\"},\"inLanguage\":\"de\",\"potentialAction\":[{\"@type\":\"ReadAction\",\"target\":[\"https:\\\/\\\/physikalische-therapie.net\\\/?page_id=3029\"]}]},{\"@type\":\"ImageObject\",\"inLanguage\":\"de\",\"@id\":\"https:\\\/\\\/physikalische-therapie.net\\\/?page_id=3029#primaryimage\",\"url\":\"https:\\\/\\\/physikalische-therapie.net\\\/wp-content\\\/uploads\\\/fussreflexzonen4.jpg\",\"contentUrl\":\"https:\\\/\\\/physikalische-therapie.net\\\/wp-content\\\/uploads\\\/fussreflexzonen4.jpg\"},{\"@type\":\"BreadcrumbList\",\"@id\":\"https:\\\/\\\/physikalische-therapie.net\\\/?page_id=3029#breadcrumb\",\"itemListElement\":[{\"@type\":\"ListItem\",\"position\":1,\"name\":\"Start\",\"item\":\"https:\\\/\\\/physikalische-therapie.net\\\/\"},{\"@type\":\"ListItem\",\"position\":2,\"name\":\"Portfolio\",\"item\":\"https:\\\/\\\/physikalische-therapie.net\\\/?page_id=3023\"},{\"@type\":\"ListItem\",\"position\":3,\"name\":\"Fu\u00dfreflexzonentherapie\"}]},{\"@type\":\"WebSite\",\"@id\":\"https:\\\/\\\/physikalische-therapie.net\\\/#website\",\"url\":\"https:\\\/\\\/physikalische-therapie.net\\\/\",\"name\":\"Praxis f\u00fcr K\u00f6rpertherapie\",\"description\":\"und Physikalische Medizin\",\"publisher\":{\"@id\":\"https:\\\/\\\/physikalische-therapie.net\\\/#organization\"},\"potentialAction\":[{\"@type\":\"SearchAction\",\"target\":{\"@type\":\"EntryPoint\",\"urlTemplate\":\"https:\\\/\\\/physikalische-therapie.net\\\/?s={search_term_string}\"},\"query-input\":{\"@type\":\"PropertyValueSpecification\",\"valueRequired\":true,\"valueName\":\"search_term_string\"}}],\"inLanguage\":\"de\"},{\"@type\":\"Organization\",\"@id\":\"https:\\\/\\\/physikalische-therapie.net\\\/#organization\",\"name\":\"Praxis f\u00fcr K\u00f6rpertherapie und Physikaliche Medizin\",\"url\":\"https:\\\/\\\/physikalische-therapie.net\\\/\",\"logo\":{\"@type\":\"ImageObject\",\"inLanguage\":\"de\",\"@id\":\"https:\\\/\\\/physikalische-therapie.net\\\/#\\\/schema\\\/logo\\\/image\\\/\",\"url\":\"https:\\\/\\\/physikalische-therapie.net\\\/wp-content\\\/uploads\\\/Logo-quadratisch.jpg\",\"contentUrl\":\"https:\\\/\\\/physikalische-therapie.net\\\/wp-content\\\/uploads\\\/Logo-quadratisch.jpg\",\"width\":2000,\"height\":2000,\"caption\":\"Praxis f\u00fcr K\u00f6rpertherapie und Physikaliche Medizin\"},\"image\":{\"@id\":\"https:\\\/\\\/physikalische-therapie.net\\\/#\\\/schema\\\/logo\\\/image\\\/\"}}]}<\/script>\n<!-- \/ Yoast SEO plugin. -->","yoast_head_json":{"title":"Fu\u00dfreflexzonentherapie | Erg\u00e4nzende manuelle Behandlung","description":"Fu\u00dfreflexzonentherapie als erg\u00e4nzende Methode zur F\u00f6rderung von Entspannung, K\u00f6rperwahrnehmung und vegetativer Regulation.","robots":{"index":"index","follow":"follow","max-snippet":"max-snippet:-1","max-image-preview":"max-image-preview:large","max-video-preview":"max-video-preview:-1"},"canonical":"https:\/\/physikalische-therapie.net\/?page_id=3029","og_locale":"de_DE","og_type":"article","og_title":"Fu\u00dfreflexzonentherapie | Erg\u00e4nzende manuelle Behandlung","og_description":"Fu\u00dfreflexzonentherapie als erg\u00e4nzende Methode zur F\u00f6rderung von Entspannung, K\u00f6rperwahrnehmung und vegetativer Regulation.","og_url":"https:\/\/physikalische-therapie.net\/?page_id=3029","og_site_name":"Praxis f\u00fcr K\u00f6rpertherapie","article_modified_time":"2026-01-27T19:30:05+00:00","og_image":[{"width":310,"height":240,"url":"https:\/\/physikalische-therapie.net\/wp-content\/uploads\/fussreflexzonen4.jpg","type":"image\/jpeg"}],"twitter_card":"summary_large_image","twitter_misc":{"Gesch\u00e4tzte Lesezeit":"2\u00a0Minuten"},"schema":{"@context":"https:\/\/schema.org","@graph":[{"@type":"WebPage","@id":"https:\/\/physikalische-therapie.net\/?page_id=3029","url":"https:\/\/physikalische-therapie.net\/?page_id=3029","name":"Fu\u00dfreflexzonentherapie | Erg\u00e4nzende manuelle Behandlung","isPartOf":{"@id":"https:\/\/physikalische-therapie.net\/#website"},"primaryImageOfPage":{"@id":"https:\/\/physikalische-therapie.net\/?page_id=3029#primaryimage"},"image":{"@id":"https:\/\/physikalische-therapie.net\/?page_id=3029#primaryimage"},"thumbnailUrl":"https:\/\/physikalische-therapie.net\/wp-content\/uploads\/fussreflexzonen4.jpg","datePublished":"2019-08-09T07:33:01+00:00","dateModified":"2026-01-27T19:30:05+00:00","description":"Fu\u00dfreflexzonentherapie als erg\u00e4nzende Methode zur F\u00f6rderung von Entspannung, K\u00f6rperwahrnehmung und vegetativer Regulation.","breadcrumb":{"@id":"https:\/\/physikalische-therapie.net\/?page_id=3029#breadcrumb"},"inLanguage":"de","potentialAction":[{"@type":"ReadAction","target":["https:\/\/physikalische-therapie.net\/?page_id=3029"]}]},{"@type":"ImageObject","inLanguage":"de","@id":"https:\/\/physikalische-therapie.net\/?page_id=3029#primaryimage","url":"https:\/\/physikalische-therapie.net\/wp-content\/uploads\/fussreflexzonen4.jpg","contentUrl":"https:\/\/physikalische-therapie.net\/wp-content\/uploads\/fussreflexzonen4.jpg"},{"@type":"BreadcrumbList","@id":"https:\/\/physikalische-therapie.net\/?page_id=3029#breadcrumb","itemListElement":[{"@type":"ListItem","position":1,"name":"Start","item":"https:\/\/physikalische-therapie.net\/"},{"@type":"ListItem","position":2,"name":"Portfolio","item":"https:\/\/physikalische-therapie.net\/?page_id=3023"},{"@type":"ListItem","position":3,"name":"Fu\u00dfreflexzonentherapie"}]},{"@type":"WebSite","@id":"https:\/\/physikalische-therapie.net\/#website","url":"https:\/\/physikalische-therapie.net\/","name":"Praxis f\u00fcr K\u00f6rpertherapie","description":"und Physikalische Medizin","publisher":{"@id":"https:\/\/physikalische-therapie.net\/#organization"},"potentialAction":[{"@type":"SearchAction","target":{"@type":"EntryPoint","urlTemplate":"https:\/\/physikalische-therapie.net\/?s={search_term_string}"},"query-input":{"@type":"PropertyValueSpecification","valueRequired":true,"valueName":"search_term_string"}}],"inLanguage":"de"},{"@type":"Organization","@id":"https:\/\/physikalische-therapie.net\/#organization","name":"Praxis f\u00fcr K\u00f6rpertherapie und Physikaliche Medizin","url":"https:\/\/physikalische-therapie.net\/","logo":{"@type":"ImageObject","inLanguage":"de","@id":"https:\/\/physikalische-therapie.net\/#\/schema\/logo\/image\/","url":"https:\/\/physikalische-therapie.net\/wp-content\/uploads\/Logo-quadratisch.jpg","contentUrl":"https:\/\/physikalische-therapie.net\/wp-content\/uploads\/Logo-quadratisch.jpg","width":2000,"height":2000,"caption":"Praxis f\u00fcr K\u00f6rpertherapie und Physikaliche Medizin"},"image":{"@id":"https:\/\/physikalische-therapie.net\/#\/schema\/logo\/image\/"}}]}},"_links":{"self":[{"href":"https:\/\/physikalische-therapie.net\/index.php?rest_route=\/wp\/v2\/pages\/3029","targetHints":{"allow":["GET"]}}],"collection":[{"href":"https:\/\/physikalische-therapie.net\/index.php?rest_route=\/wp\/v2\/pages"}],"about":[{"href":"https:\/\/physikalische-therapie.net\/index.php?rest_route=\/wp\/v2\/types\/page"}],"author":[{"embeddable":true,"href":"https:\/\/physikalische-therapie.net\/index.php?rest_route=\/wp\/v2\/users\/1"}],"replies":[{"embeddable":true,"href":"https:\/\/physikalische-therapie.net\/index.php?rest_route=%2Fwp%2Fv2%2Fcomments&post=3029"}],"version-history":[{"count":1,"href":"https:\/\/physikalische-therapie.net\/index.php?rest_route=\/wp\/v2\/pages\/3029\/revisions"}],"predecessor-version":[{"id":4372,"href":"https:\/\/physikalische-therapie.net\/index.php?rest_route=\/wp\/v2\/pages\/3029\/revisions\/4372"}],"up":[{"embeddable":true,"href":"https:\/\/physikalische-therapie.net\/index.php?rest_route=\/wp\/v2\/pages\/3023"}],"wp:attachment":[{"href":"https:\/\/physikalische-therapie.net\/index.php?rest_route=%2Fwp%2Fv2%2Fmedia&parent=3029"}],"curies":[{"name":"wp","href":"https:\/\/api.w.org\/{rel}","templated":true}]}}