{"id":4214,"date":"2026-01-11T14:01:09","date_gmt":"2026-01-11T12:01:09","guid":{"rendered":"https:\/\/physikalische-therapie.net\/?page_id=4214"},"modified":"2026-01-27T21:40:13","modified_gmt":"2026-01-27T19:40:13","slug":"wirbelsaeulengymnastik","status":"publish","type":"page","link":"https:\/\/physikalische-therapie.net\/?page_id=4214","title":{"rendered":"Wirbels\u00e4ulengymnastik"},"content":{"rendered":"<h1>Wirbels\u00e4ulengymnastik<\/h1>\n<p><img loading=\"lazy\" decoding=\"async\" class=\" wp-image-4375 alignleft\" src=\"https:\/\/physikalische-therapie.net\/wp-content\/uploads\/Gray_111_-_Vertebral_column-coloured-218x750.png\" alt=\"\" width=\"124\" height=\"427\" srcset=\"https:\/\/physikalische-therapie.net\/wp-content\/uploads\/Gray_111_-_Vertebral_column-coloured-218x750.png 218w, https:\/\/physikalische-therapie.net\/wp-content\/uploads\/Gray_111_-_Vertebral_column-coloured.png 233w\" sizes=\"auto, (max-width: 124px) 100vw, 124px\" \/>R\u00fcckenprobleme waren schon bei den Steinzeitmenschen weit verbreitet. Nach den <em>Herz-Kreislauf-Erkrankungen<\/em> verursachen Muskel-Skelett-Erkrankungen heute die gr\u00f6\u00dften Kosten im Gesundheitssystem.<\/p>\n<p>Wirbels\u00e4ulengymnastik zielt nicht nur auf unser R\u00fcckgrat. Zahlreiche andere Beschwerden h\u00e4ngen mit der Wirbels\u00e4ule zusammen. Durch Wirbels\u00e4ulengymnastik wird das gesamte Muskel-Skelett-System mobilisiert und gest\u00e4rkt. Wenn Sie einer Schw\u00e4che des Muskel-Skelett-Systems und deren Folgeerkrankungen im Wirbels\u00e4ulenbereich vorbeugen wollen und wenn Sie bereit sind, das neu Erlernte Bewegungsverhalten in den Alltag zu integrieren, ist das Angebot das Richtige f\u00fcr Sie. Der Gruppenkurs enth\u00e4lt:<\/p>\n<ul>\n<li>Mobilisations-, Kr\u00e4ftigungs- und Dehn\u00fcbungen.<\/li>\n<li>Atem- und Entspannungsschulung.<\/li>\n<li>\u00dcbungen zur K\u00f6rperwahrnehmung und Koordination.<\/li>\n<li>Konzepte f\u00fcr den Alltag.<\/li>\n<\/ul>\n<p>Dieser Kurs kann von den Krankenkassen nach \u00a7 20 SGB V bezuschusst werden.<\/p>\n","protected":false},"excerpt":{"rendered":"<p>Wirbels\u00e4ulengymnastik R\u00fcckenprobleme waren schon bei den Steinzeitmenschen weit verbreitet. Nach den Herz-Kreislauf-Erkrankungen verursachen Muskel-Skelett-Erkrankungen heute die gr\u00f6\u00dften Kosten im Gesundheitssystem. Wirbels\u00e4ulengymnastik zielt nicht nur auf unser R\u00fcckgrat. Zahlreiche andere Beschwerden h\u00e4ngen mit der Wirbels\u00e4ule zusammen. Durch Wirbels\u00e4ulengymnastik wird das gesamte Muskel-Skelett-System mobilisiert und gest\u00e4rkt. Wenn Sie einer Schw\u00e4che des Muskel-Skelett-Systems und deren Folgeerkrankungen im Wirbels\u00e4ulenbereich [&hellip;]<\/p>\n","protected":false},"author":5,"featured_media":0,"parent":4209,"menu_order":0,"comment_status":"closed","ping_status":"closed","template":"","meta":{"_acf_changed":false,"footnotes":""},"class_list":["post-4214","page","type-page","status-publish","hentry"],"acf":[],"yoast_head":"<!-- This site is optimized with the Yoast SEO plugin v27.5 - https:\/\/yoast.com\/product\/yoast-seo-wordpress\/ -->\n<title>Wirbels\u00e4ulengymnastik | Pr\u00e4vention und Bewegung f\u00fcr den R\u00fccken<\/title>\n<meta name=\"description\" content=\"Wirbels\u00e4ulengymnastik als Pr\u00e4ventionsangebot zur F\u00f6rderung von Beweglichkeit, Stabilit\u00e4t und R\u00fccken\u00adgesundheit.\" \/>\n<meta name=\"robots\" content=\"index, follow, max-snippet:-1, max-image-preview:large, max-video-preview:-1\" \/>\n<link rel=\"canonical\" href=\"https:\/\/physikalische-therapie.net\/?page_id=4214\" \/>\n<meta property=\"og:locale\" content=\"de_DE\" \/>\n<meta property=\"og:type\" content=\"article\" \/>\n<meta property=\"og:title\" content=\"Wirbels\u00e4ulengymnastik | Pr\u00e4vention und Bewegung f\u00fcr den R\u00fccken\" \/>\n<meta property=\"og:description\" content=\"Wirbels\u00e4ulengymnastik als Pr\u00e4ventionsangebot zur F\u00f6rderung von Beweglichkeit, Stabilit\u00e4t und R\u00fccken\u00adgesundheit.\" \/>\n<meta property=\"og:url\" content=\"https:\/\/physikalische-therapie.net\/?page_id=4214\" \/>\n<meta property=\"og:site_name\" content=\"Praxis f\u00fcr K\u00f6rpertherapie\" \/>\n<meta property=\"article:modified_time\" content=\"2026-01-27T19:40:13+00:00\" \/>\n<meta property=\"og:image\" content=\"https:\/\/physikalische-therapie.net\/wp-content\/uploads\/Gray_111_-_Vertebral_column-coloured.png\" \/>\n\t<meta property=\"og:image:width\" content=\"233\" \/>\n\t<meta property=\"og:image:height\" content=\"800\" \/>\n\t<meta property=\"og:image:type\" content=\"image\/png\" \/>\n<meta name=\"twitter:card\" content=\"summary_large_image\" \/>\n<meta name=\"twitter:label1\" content=\"Gesch\u00e4tzte Lesezeit\" \/>\n\t<meta name=\"twitter:data1\" content=\"2\u00a0Minuten\" \/>\n<script type=\"application\/ld+json\" class=\"yoast-schema-graph\">{\"@context\":\"https:\\\/\\\/schema.org\",\"@graph\":[{\"@type\":\"WebPage\",\"@id\":\"https:\\\/\\\/physikalische-therapie.net\\\/?page_id=4214\",\"url\":\"https:\\\/\\\/physikalische-therapie.net\\\/?page_id=4214\",\"name\":\"Wirbels\u00e4ulengymnastik | Pr\u00e4vention und Bewegung f\u00fcr den R\u00fccken\",\"isPartOf\":{\"@id\":\"https:\\\/\\\/physikalische-therapie.net\\\/#website\"},\"primaryImageOfPage\":{\"@id\":\"https:\\\/\\\/physikalische-therapie.net\\\/?page_id=4214#primaryimage\"},\"image\":{\"@id\":\"https:\\\/\\\/physikalische-therapie.net\\\/?page_id=4214#primaryimage\"},\"thumbnailUrl\":\"https:\\\/\\\/physikalische-therapie.net\\\/wp-content\\\/uploads\\\/Gray_111_-_Vertebral_column-coloured-218x750.png\",\"datePublished\":\"2026-01-11T12:01:09+00:00\",\"dateModified\":\"2026-01-27T19:40:13+00:00\",\"description\":\"Wirbels\u00e4ulengymnastik als Pr\u00e4ventionsangebot zur F\u00f6rderung von Beweglichkeit, Stabilit\u00e4t und R\u00fccken\u00adgesundheit.\",\"breadcrumb\":{\"@id\":\"https:\\\/\\\/physikalische-therapie.net\\\/?page_id=4214#breadcrumb\"},\"inLanguage\":\"de\",\"potentialAction\":[{\"@type\":\"ReadAction\",\"target\":[\"https:\\\/\\\/physikalische-therapie.net\\\/?page_id=4214\"]}]},{\"@type\":\"ImageObject\",\"inLanguage\":\"de\",\"@id\":\"https:\\\/\\\/physikalische-therapie.net\\\/?page_id=4214#primaryimage\",\"url\":\"https:\\\/\\\/physikalische-therapie.net\\\/wp-content\\\/uploads\\\/Gray_111_-_Vertebral_column-coloured.png\",\"contentUrl\":\"https:\\\/\\\/physikalische-therapie.net\\\/wp-content\\\/uploads\\\/Gray_111_-_Vertebral_column-coloured.png\",\"width\":233,\"height\":800},{\"@type\":\"BreadcrumbList\",\"@id\":\"https:\\\/\\\/physikalische-therapie.net\\\/?page_id=4214#breadcrumb\",\"itemListElement\":[{\"@type\":\"ListItem\",\"position\":1,\"name\":\"Start\",\"item\":\"https:\\\/\\\/physikalische-therapie.net\\\/\"},{\"@type\":\"ListItem\",\"position\":2,\"name\":\"Gruppen\",\"item\":\"https:\\\/\\\/physikalische-therapie.net\\\/?page_id=4209\"},{\"@type\":\"ListItem\",\"position\":3,\"name\":\"Wirbels\u00e4ulengymnastik\"}]},{\"@type\":\"WebSite\",\"@id\":\"https:\\\/\\\/physikalische-therapie.net\\\/#website\",\"url\":\"https:\\\/\\\/physikalische-therapie.net\\\/\",\"name\":\"Praxis f\u00fcr K\u00f6rpertherapie\",\"description\":\"und Physikalische Medizin\",\"publisher\":{\"@id\":\"https:\\\/\\\/physikalische-therapie.net\\\/#organization\"},\"potentialAction\":[{\"@type\":\"SearchAction\",\"target\":{\"@type\":\"EntryPoint\",\"urlTemplate\":\"https:\\\/\\\/physikalische-therapie.net\\\/?s={search_term_string}\"},\"query-input\":{\"@type\":\"PropertyValueSpecification\",\"valueRequired\":true,\"valueName\":\"search_term_string\"}}],\"inLanguage\":\"de\"},{\"@type\":\"Organization\",\"@id\":\"https:\\\/\\\/physikalische-therapie.net\\\/#organization\",\"name\":\"Praxis f\u00fcr K\u00f6rpertherapie und Physikaliche Medizin\",\"url\":\"https:\\\/\\\/physikalische-therapie.net\\\/\",\"logo\":{\"@type\":\"ImageObject\",\"inLanguage\":\"de\",\"@id\":\"https:\\\/\\\/physikalische-therapie.net\\\/#\\\/schema\\\/logo\\\/image\\\/\",\"url\":\"https:\\\/\\\/physikalische-therapie.net\\\/wp-content\\\/uploads\\\/Logo-quadratisch.jpg\",\"contentUrl\":\"https:\\\/\\\/physikalische-therapie.net\\\/wp-content\\\/uploads\\\/Logo-quadratisch.jpg\",\"width\":2000,\"height\":2000,\"caption\":\"Praxis f\u00fcr K\u00f6rpertherapie und Physikaliche Medizin\"},\"image\":{\"@id\":\"https:\\\/\\\/physikalische-therapie.net\\\/#\\\/schema\\\/logo\\\/image\\\/\"}}]}<\/script>\n<!-- \/ Yoast SEO plugin. -->","yoast_head_json":{"title":"Wirbels\u00e4ulengymnastik | Pr\u00e4vention und Bewegung f\u00fcr den R\u00fccken","description":"Wirbels\u00e4ulengymnastik als Pr\u00e4ventionsangebot zur F\u00f6rderung von Beweglichkeit, Stabilit\u00e4t und R\u00fccken\u00adgesundheit.","robots":{"index":"index","follow":"follow","max-snippet":"max-snippet:-1","max-image-preview":"max-image-preview:large","max-video-preview":"max-video-preview:-1"},"canonical":"https:\/\/physikalische-therapie.net\/?page_id=4214","og_locale":"de_DE","og_type":"article","og_title":"Wirbels\u00e4ulengymnastik | Pr\u00e4vention und Bewegung f\u00fcr den R\u00fccken","og_description":"Wirbels\u00e4ulengymnastik als Pr\u00e4ventionsangebot zur F\u00f6rderung von Beweglichkeit, Stabilit\u00e4t und R\u00fccken\u00adgesundheit.","og_url":"https:\/\/physikalische-therapie.net\/?page_id=4214","og_site_name":"Praxis f\u00fcr K\u00f6rpertherapie","article_modified_time":"2026-01-27T19:40:13+00:00","og_image":[{"width":233,"height":800,"url":"https:\/\/physikalische-therapie.net\/wp-content\/uploads\/Gray_111_-_Vertebral_column-coloured.png","type":"image\/png"}],"twitter_card":"summary_large_image","twitter_misc":{"Gesch\u00e4tzte Lesezeit":"2\u00a0Minuten"},"schema":{"@context":"https:\/\/schema.org","@graph":[{"@type":"WebPage","@id":"https:\/\/physikalische-therapie.net\/?page_id=4214","url":"https:\/\/physikalische-therapie.net\/?page_id=4214","name":"Wirbels\u00e4ulengymnastik | Pr\u00e4vention und Bewegung f\u00fcr den R\u00fccken","isPartOf":{"@id":"https:\/\/physikalische-therapie.net\/#website"},"primaryImageOfPage":{"@id":"https:\/\/physikalische-therapie.net\/?page_id=4214#primaryimage"},"image":{"@id":"https:\/\/physikalische-therapie.net\/?page_id=4214#primaryimage"},"thumbnailUrl":"https:\/\/physikalische-therapie.net\/wp-content\/uploads\/Gray_111_-_Vertebral_column-coloured-218x750.png","datePublished":"2026-01-11T12:01:09+00:00","dateModified":"2026-01-27T19:40:13+00:00","description":"Wirbels\u00e4ulengymnastik als Pr\u00e4ventionsangebot zur F\u00f6rderung von Beweglichkeit, Stabilit\u00e4t und R\u00fccken\u00adgesundheit.","breadcrumb":{"@id":"https:\/\/physikalische-therapie.net\/?page_id=4214#breadcrumb"},"inLanguage":"de","potentialAction":[{"@type":"ReadAction","target":["https:\/\/physikalische-therapie.net\/?page_id=4214"]}]},{"@type":"ImageObject","inLanguage":"de","@id":"https:\/\/physikalische-therapie.net\/?page_id=4214#primaryimage","url":"https:\/\/physikalische-therapie.net\/wp-content\/uploads\/Gray_111_-_Vertebral_column-coloured.png","contentUrl":"https:\/\/physikalische-therapie.net\/wp-content\/uploads\/Gray_111_-_Vertebral_column-coloured.png","width":233,"height":800},{"@type":"BreadcrumbList","@id":"https:\/\/physikalische-therapie.net\/?page_id=4214#breadcrumb","itemListElement":[{"@type":"ListItem","position":1,"name":"Start","item":"https:\/\/physikalische-therapie.net\/"},{"@type":"ListItem","position":2,"name":"Gruppen","item":"https:\/\/physikalische-therapie.net\/?page_id=4209"},{"@type":"ListItem","position":3,"name":"Wirbels\u00e4ulengymnastik"}]},{"@type":"WebSite","@id":"https:\/\/physikalische-therapie.net\/#website","url":"https:\/\/physikalische-therapie.net\/","name":"Praxis f\u00fcr K\u00f6rpertherapie","description":"und Physikalische Medizin","publisher":{"@id":"https:\/\/physikalische-therapie.net\/#organization"},"potentialAction":[{"@type":"SearchAction","target":{"@type":"EntryPoint","urlTemplate":"https:\/\/physikalische-therapie.net\/?s={search_term_string}"},"query-input":{"@type":"PropertyValueSpecification","valueRequired":true,"valueName":"search_term_string"}}],"inLanguage":"de"},{"@type":"Organization","@id":"https:\/\/physikalische-therapie.net\/#organization","name":"Praxis f\u00fcr K\u00f6rpertherapie und Physikaliche Medizin","url":"https:\/\/physikalische-therapie.net\/","logo":{"@type":"ImageObject","inLanguage":"de","@id":"https:\/\/physikalische-therapie.net\/#\/schema\/logo\/image\/","url":"https:\/\/physikalische-therapie.net\/wp-content\/uploads\/Logo-quadratisch.jpg","contentUrl":"https:\/\/physikalische-therapie.net\/wp-content\/uploads\/Logo-quadratisch.jpg","width":2000,"height":2000,"caption":"Praxis f\u00fcr K\u00f6rpertherapie und Physikaliche Medizin"},"image":{"@id":"https:\/\/physikalische-therapie.net\/#\/schema\/logo\/image\/"}}]}},"_links":{"self":[{"href":"https:\/\/physikalische-therapie.net\/index.php?rest_route=\/wp\/v2\/pages\/4214","targetHints":{"allow":["GET"]}}],"collection":[{"href":"https:\/\/physikalische-therapie.net\/index.php?rest_route=\/wp\/v2\/pages"}],"about":[{"href":"https:\/\/physikalische-therapie.net\/index.php?rest_route=\/wp\/v2\/types\/page"}],"author":[{"embeddable":true,"href":"https:\/\/physikalische-therapie.net\/index.php?rest_route=\/wp\/v2\/users\/5"}],"replies":[{"embeddable":true,"href":"https:\/\/physikalische-therapie.net\/index.php?rest_route=%2Fwp%2Fv2%2Fcomments&post=4214"}],"version-history":[{"count":4,"href":"https:\/\/physikalische-therapie.net\/index.php?rest_route=\/wp\/v2\/pages\/4214\/revisions"}],"predecessor-version":[{"id":4379,"href":"https:\/\/physikalische-therapie.net\/index.php?rest_route=\/wp\/v2\/pages\/4214\/revisions\/4379"}],"up":[{"embeddable":true,"href":"https:\/\/physikalische-therapie.net\/index.php?rest_route=\/wp\/v2\/pages\/4209"}],"wp:attachment":[{"href":"https:\/\/physikalische-therapie.net\/index.php?rest_route=%2Fwp%2Fv2%2Fmedia&parent=4214"}],"curies":[{"name":"wp","href":"https:\/\/api.w.org\/{rel}","templated":true}]}}

Wirbelsäulengymnastik

<h1>Wirbelsäulengymnastik</h1>
<p><img loading="lazy" decoding="async" class=" wp-image-4375 alignleft" src="https://physikalische-therapie.net/wp-content/uploads/Gray_111_-_Vertebral_column-coloured-218x750.png" alt="" width="124" height="427" srcset="https://physikalische-therapie.net/wp-content/uploads/Gray_111_-_Vertebral_column-coloured-218x750.png 218w, https://physikalische-therapie.net/wp-content/uploads/Gray_111_-_Vertebral_column-coloured.png 233w" sizes="auto, (max-width: 124px) 100vw, 124px" />Rückenprobleme waren schon bei den Steinzeitmenschen weit verbreitet. Nach den <em>Herz-Kreislauf-Erkrankungen</em> verursachen Muskel-Skelett-Erkrankungen heute die größten Kosten im Gesundheitssystem.</p>
<p>Wirbelsäulengymnastik zielt nicht nur auf unser Rückgrat. Zahlreiche andere Beschwerden hängen mit der Wirbelsäule zusammen. Durch Wirbelsäulengymnastik wird das gesamte Muskel-Skelett-System mobilisiert und gestärkt. Wenn Sie einer Schwäche des Muskel-Skelett-Systems und deren Folgeerkrankungen im Wirbelsäulenbereich vorbeugen wollen und wenn Sie bereit sind, das neu Erlernte Bewegungsverhalten in den Alltag zu integrieren, ist das Angebot das Richtige für Sie. Der Gruppenkurs enthält:</p>
<ul>
<li>Mobilisations-, Kräftigungs- und Dehnübungen.</li>
<li>Atem- und Entspannungsschulung.</li>
<li>Übungen zur Körperwahrnehmung und Koordination.</li>
<li>Konzepte für den Alltag.</li>
</ul>
<p>Dieser Kurs kann von den Krankenkassen nach § 20 SGB V bezuschusst werden.</p>

<p>Wirbelsäulengymnastik Rückenprobleme waren schon bei den Steinzeitmenschen weit verbreitet. Nach den Herz-Kreislauf-Erkrankungen verursachen Muskel-Skelett-Erkrankungen heute die größten Kosten im Gesundheitssystem. Wirbelsäulengymnastik zielt nicht nur auf unser Rückgrat. Zahlreiche andere Beschwerden hängen mit der Wirbelsäule zusammen. Durch Wirbelsäulengymnastik wird das gesamte Muskel-Skelett-System mobilisiert und gestärkt. Wenn Sie einer Schwäche des Muskel-Skelett-Systems und deren Folgeerkrankungen im Wirbelsäulenbereich [&hellip;]</p>

<!-- This site is optimized with the Yoast SEO plugin v27.5 - https://yoast.com/product/yoast-seo-wordpress/ -->
<title>Wirbelsäulengymnastik | Prävention und Bewegung für den Rücken</title>
<meta name="description" content="Wirbelsäulengymnastik als Präventionsangebot zur Förderung von Beweglichkeit, Stabilität und Rücken­gesundheit." />
<meta name="robots" content="index, follow, max-snippet:-1, max-image-preview:large, max-video-preview:-1" />
<link rel="canonical" href="https://physikalische-therapie.net/?page_id=4214" />
<meta property="og:locale" content="de_DE" />
<meta property="og:type" content="article" />
<meta property="og:title" content="Wirbelsäulengymnastik | Prävention und Bewegung für den Rücken" />
<meta property="og:description" content="Wirbelsäulengymnastik als Präventionsangebot zur Förderung von Beweglichkeit, Stabilität und Rücken­gesundheit." />
<meta property="og:url" content="https://physikalische-therapie.net/?page_id=4214" />
<meta property="og:site_name" content="Praxis für Körpertherapie" />
<meta property="article:modified_time" content="2026-01-27T19:40:13+00:00" />
<meta property="og:image" content="https://physikalische-therapie.net/wp-content/uploads/Gray_111_-_Vertebral_column-coloured.png" />
	<meta property="og:image:width" content="233" />
	<meta property="og:image:height" content="800" />
	<meta property="og:image:type" content="image/png" />
<meta name="twitter:card" content="summary_large_image" />
<meta name="twitter:label1" content="Geschätzte Lesezeit" />
	<meta name="twitter:data1" content="2 Minuten" />
<script type="application/ld+json" class="yoast-schema-graph">{"@context":"https:\/\/schema.org","@graph":[{"@type":"WebPage","@id":"https:\/\/physikalische-therapie.net\/?page_id=4214","url":"https:\/\/physikalische-therapie.net\/?page_id=4214","name":"Wirbelsäulengymnastik | Prävention und Bewegung für den Rücken","isPartOf":{"@id":"https:\/\/physikalische-therapie.net\/#website"},"primaryImageOfPage":{"@id":"https:\/\/physikalische-therapie.net\/?page_id=4214#primaryimage"},"image":{"@id":"https:\/\/physikalische-therapie.net\/?page_id=4214#primaryimage"},"thumbnailUrl":"https:\/\/physikalische-therapie.net\/wp-content\/uploads\/Gray_111_-_Vertebral_column-coloured-218x750.png","datePublished":"2026-01-11T12:01:09+00:00","dateModified":"2026-01-27T19:40:13+00:00","description":"Wirbelsäulengymnastik als Präventionsangebot zur Förderung von Beweglichkeit, Stabilität und Rücken­gesundheit.","breadcrumb":{"@id":"https:\/\/physikalische-therapie.net\/?page_id=4214#breadcrumb"},"inLanguage":"de","potentialAction":[{"@type":"ReadAction","target":["https:\/\/physikalische-therapie.net\/?page_id=4214"]}]},{"@type":"ImageObject","inLanguage":"de","@id":"https:\/\/physikalische-therapie.net\/?page_id=4214#primaryimage","url":"https:\/\/physikalische-therapie.net\/wp-content\/uploads\/Gray_111_-_Vertebral_column-coloured.png","contentUrl":"https:\/\/physikalische-therapie.net\/wp-content\/uploads\/Gray_111_-_Vertebral_column-coloured.png","width":233,"height":800},{"@type":"BreadcrumbList","@id":"https:\/\/physikalische-therapie.net\/?page_id=4214#breadcrumb","itemListElement":[{"@type":"ListItem","position":1,"name":"Start","item":"https:\/\/physikalische-therapie.net\/"},{"@type":"ListItem","position":2,"name":"Gruppen","item":"https:\/\/physikalische-therapie.net\/?page_id=4209"},{"@type":"ListItem","position":3,"name":"Wirbelsäulengymnastik"}]},{"@type":"WebSite","@id":"https:\/\/physikalische-therapie.net\/#website","url":"https:\/\/physikalische-therapie.net\/","name":"Praxis für Körpertherapie","description":"und Physikalische Medizin","publisher":{"@id":"https:\/\/physikalische-therapie.net\/#organization"},"potentialAction":[{"@type":"SearchAction","target":{"@type":"EntryPoint","urlTemplate":"https:\/\/physikalische-therapie.net\/?s={search_term_string}"},"query-input":{"@type":"PropertyValueSpecification","valueRequired":true,"valueName":"search_term_string"}}],"inLanguage":"de"},{"@type":"Organization","@id":"https:\/\/physikalische-therapie.net\/#organization","name":"Praxis für Körpertherapie und Physikaliche Medizin","url":"https:\/\/physikalische-therapie.net\/","logo":{"@type":"ImageObject","inLanguage":"de","@id":"https:\/\/physikalische-therapie.net\/#\/schema\/logo\/image\/","url":"https:\/\/physikalische-therapie.net\/wp-content\/uploads\/Logo-quadratisch.jpg","contentUrl":"https:\/\/physikalische-therapie.net\/wp-content\/uploads\/Logo-quadratisch.jpg","width":2000,"height":2000,"caption":"Praxis für Körpertherapie und Physikaliche Medizin"},"image":{"@id":"https:\/\/physikalische-therapie.net\/#\/schema\/logo\/image\/"}}]}</script>
<!-- / Yoast SEO plugin. -->

Wirbelsäulengymnastik | Prävention und Bewegung für den Rücken

Wirbelsäulengymnastik als Präventionsangebot zur Förderung von Beweglichkeit, Stabilität und Rücken­gesundheit.

Praxis für Körpertherapie

Praxis für Körpertherapie und Physikaliche Medizin
