{"id":4228,"date":"2026-01-11T14:31:21","date_gmt":"2026-01-11T12:31:21","guid":{"rendered":"https:\/\/physikalische-therapie.net\/?page_id=4228"},"modified":"2026-01-27T22:03:50","modified_gmt":"2026-01-27T20:03:50","slug":"haltung-und-bewegung","status":"publish","type":"page","link":"https:\/\/physikalische-therapie.net\/?page_id=4228","title":{"rendered":"Haltung und Bewegung"},"content":{"rendered":"<h1>Haltung und Bewegung durch Ganzk\u00f6rpertraining<\/h1>\n<p>Bewegungsmuster werden in unserem motorischen Ged\u00e4chtnis abgespeichert. Das erleichtert unser Leben ungemein. Denn wir m\u00fcssen nicht \u00fcber jeden Bewegungsablauf nachdenken.<\/p>\n<h2><em>Falsch<\/em><em>e und richtige Bewegungsmuster<\/em><\/h2>\n<h2><img loading=\"lazy\" decoding=\"async\" class=\"wp-image-4232 alignleft\" src=\"https:\/\/physikalische-therapie.net\/wp-content\/uploads\/Sport.jpg\" alt=\"\" width=\"130\" height=\"138\"\/><\/h2>\n<p>Abgespeichert werden Bewegungsmuster dann, wenn wir die gleichen Bewegungsabl\u00e4ufe regelm\u00e4\u00dfig wiederholen. Leider sind das h\u00e4ufig auch Fehlhaltungen: falsches Sitzen bei Schreibtischarbeit und Autofahren, einseitige k\u00f6rperliche Belastungen beispielsweise.<\/p>\n<p>Umgekehrt werden Bewegungsmuster im motorischen Ged\u00e4chtnis gleichsam gel\u00f6scht, wenn Sie von neuen sich st\u00e4ndig wiederholenden Bewegungsabl\u00e4ufen \u00fcberlagert werden. Das nennt man sensomotorisches Training. Dieses sensomotorische Training, der Abbau von Ungleichgewichten in unserem Muskel-Skelett-System und die St\u00e4rkung unserer Muskulatur stehen im Mittelpunkt dieses Pr\u00e4ventionskurses.<\/p>\n<h2><em>St\u00e4rkung der K\u00f6rperwahrnehmung und Fitness<\/em><\/h2>\n<p>Sensomotorisches Training verlangt gute Pr\u00e4senz, K\u00f6rperwahrnehmung und Koordination. Deshalb nehmen die 18 \u00dcbungen der Harmonie aus dem <em><a title=\"Taijiquan\" href=\"http:\/\/de.wikipedia.org\/wiki\/Taijiquan\" target=\"_blank\" rel=\"noopener\">Taiji<\/a> <a title=\"Qigong\" href=\"http:\/\/de.wikipedia.org\/wiki\/Qigong\" target=\"_blank\" rel=\"noopener\">Qigong<\/a><\/em> und Elemente aus dem <em><a title=\"Yoga\" href=\"http:\/\/de.wikipedia.org\/wiki\/Yoga\" target=\"_blank\" rel=\"noopener\">Yoga<\/a><\/em> einen wichtigen Raum ein. Denn sie st\u00e4rken K\u00f6rper und Seele, sie f\u00f6rdern Entspannung, Koordination, Beweglichkeit, Fitness und Gesundheit.<\/p>\n<p>Dieser Kurs umfasst 12 Einheiten und wurde mit dem Qualit\u00e4tssiegel <a title=\"Qualit\u00e4tssiegel &quot;Sport pro Gesundheit&quot;\" href=\"http:\/\/www.sportprogesundheit.de\/de\/sport-und-gesundheit\/die-qualitaetssiegel\/sport-pro-gesundheit\/\" target=\"_blank\" rel=\"noopener\">SPORT PRO GESUNDHEIT<\/a> ausgezeichnet. Er findet in Kooperation mit dem <a title=\"Turn- und Kampfsportverein Ruppin e.V.\" href=\"http:\/\/tkv-ruppin.de\/\" target=\"_blank\" rel=\"noopener\">TKV Ruppin e.V.<\/a> statt und kann von den Krankenkassen als Prim\u00e4rpr\u00e4vention gem\u00e4\u00df \u00a7 20 SGB V bezuschusst werden.<\/p>\n<hr \/>\n<p>&nbsp;<\/p>\n","protected":false},"excerpt":{"rendered":"<p>Haltung und Bewegung durch Ganzk\u00f6rpertraining Bewegungsmuster werden in unserem motorischen Ged\u00e4chtnis abgespeichert. Das erleichtert unser Leben ungemein. Denn wir m\u00fcssen nicht \u00fcber jeden Bewegungsablauf nachdenken. Falsche und richtige Bewegungsmuster Abgespeichert werden Bewegungsmuster dann, wenn wir die gleichen Bewegungsabl\u00e4ufe regelm\u00e4\u00dfig wiederholen. Leider sind das h\u00e4ufig auch Fehlhaltungen: falsches Sitzen bei Schreibtischarbeit und Autofahren, einseitige k\u00f6rperliche Belastungen [&hellip;]<\/p>\n","protected":false},"author":5,"featured_media":0,"parent":4209,"menu_order":4,"comment_status":"closed","ping_status":"closed","template":"","meta":{"_acf_changed":false,"footnotes":""},"class_list":["post-4228","page","type-page","status-publish","hentry"],"acf":[],"yoast_head":"<!-- This site is optimized with the Yoast SEO plugin v27.5 - https:\/\/yoast.com\/product\/yoast-seo-wordpress\/ -->\n<title>Haltung und Bewegung<\/title>\n<meta name=\"robots\" content=\"index, follow, max-snippet:-1, max-image-preview:large, max-video-preview:-1\" \/>\n<link rel=\"canonical\" href=\"https:\/\/physikalische-therapie.net\/?page_id=4228\" \/>\n<meta property=\"og:locale\" content=\"de_DE\" \/>\n<meta property=\"og:type\" content=\"article\" \/>\n<meta property=\"og:title\" content=\"Haltung und Bewegung\" \/>\n<meta property=\"og:description\" content=\"Haltung und Bewegung durch Ganzk\u00f6rpertraining Bewegungsmuster werden in unserem motorischen Ged\u00e4chtnis abgespeichert. Das erleichtert unser Leben ungemein. Denn wir m\u00fcssen nicht \u00fcber jeden Bewegungsablauf nachdenken. Falsche und richtige Bewegungsmuster Abgespeichert werden Bewegungsmuster dann, wenn wir die gleichen Bewegungsabl\u00e4ufe regelm\u00e4\u00dfig wiederholen. Leider sind das h\u00e4ufig auch Fehlhaltungen: falsches Sitzen bei Schreibtischarbeit und Autofahren, einseitige k\u00f6rperliche Belastungen [&hellip;]\" \/>\n<meta property=\"og:url\" content=\"https:\/\/physikalische-therapie.net\/?page_id=4228\" \/>\n<meta property=\"og:site_name\" content=\"Praxis f\u00fcr K\u00f6rpertherapie\" \/>\n<meta property=\"article:modified_time\" content=\"2026-01-27T20:03:50+00:00\" \/>\n<meta property=\"og:image\" content=\"https:\/\/physikalische-therapie.net\/wp-content\/uploads\/Sport.jpg\" \/>\n\t<meta property=\"og:image:width\" content=\"450\" \/>\n\t<meta property=\"og:image:height\" content=\"479\" \/>\n\t<meta property=\"og:image:type\" content=\"image\/jpeg\" \/>\n<meta name=\"twitter:card\" content=\"summary_large_image\" \/>\n<meta name=\"twitter:label1\" content=\"Gesch\u00e4tzte Lesezeit\" \/>\n\t<meta name=\"twitter:data1\" content=\"2\u00a0Minuten\" \/>\n<script type=\"application\/ld+json\" class=\"yoast-schema-graph\">{\"@context\":\"https:\\\/\\\/schema.org\",\"@graph\":[{\"@type\":\"WebPage\",\"@id\":\"https:\\\/\\\/physikalische-therapie.net\\\/?page_id=4228\",\"url\":\"https:\\\/\\\/physikalische-therapie.net\\\/?page_id=4228\",\"name\":\"Haltung und Bewegung\",\"isPartOf\":{\"@id\":\"https:\\\/\\\/physikalische-therapie.net\\\/#website\"},\"primaryImageOfPage\":{\"@id\":\"https:\\\/\\\/physikalische-therapie.net\\\/?page_id=4228#primaryimage\"},\"image\":{\"@id\":\"https:\\\/\\\/physikalische-therapie.net\\\/?page_id=4228#primaryimage\"},\"thumbnailUrl\":\"https:\\\/\\\/physikalische-therapie.net\\\/wp-content\\\/uploads\\\/Sport.jpg\",\"datePublished\":\"2026-01-11T12:31:21+00:00\",\"dateModified\":\"2026-01-27T20:03:50+00:00\",\"breadcrumb\":{\"@id\":\"https:\\\/\\\/physikalische-therapie.net\\\/?page_id=4228#breadcrumb\"},\"inLanguage\":\"de\",\"potentialAction\":[{\"@type\":\"ReadAction\",\"target\":[\"https:\\\/\\\/physikalische-therapie.net\\\/?page_id=4228\"]}]},{\"@type\":\"ImageObject\",\"inLanguage\":\"de\",\"@id\":\"https:\\\/\\\/physikalische-therapie.net\\\/?page_id=4228#primaryimage\",\"url\":\"https:\\\/\\\/physikalische-therapie.net\\\/wp-content\\\/uploads\\\/Sport.jpg\",\"contentUrl\":\"https:\\\/\\\/physikalische-therapie.net\\\/wp-content\\\/uploads\\\/Sport.jpg\",\"width\":450,\"height\":479},{\"@type\":\"BreadcrumbList\",\"@id\":\"https:\\\/\\\/physikalische-therapie.net\\\/?page_id=4228#breadcrumb\",\"itemListElement\":[{\"@type\":\"ListItem\",\"position\":1,\"name\":\"Start\",\"item\":\"https:\\\/\\\/physikalische-therapie.net\\\/\"},{\"@type\":\"ListItem\",\"position\":2,\"name\":\"Gruppen\",\"item\":\"https:\\\/\\\/physikalische-therapie.net\\\/?page_id=4209\"},{\"@type\":\"ListItem\",\"position\":3,\"name\":\"Haltung und Bewegung\"}]},{\"@type\":\"WebSite\",\"@id\":\"https:\\\/\\\/physikalische-therapie.net\\\/#website\",\"url\":\"https:\\\/\\\/physikalische-therapie.net\\\/\",\"name\":\"Praxis f\u00fcr K\u00f6rpertherapie\",\"description\":\"und Physikalische Medizin\",\"publisher\":{\"@id\":\"https:\\\/\\\/physikalische-therapie.net\\\/#organization\"},\"potentialAction\":[{\"@type\":\"SearchAction\",\"target\":{\"@type\":\"EntryPoint\",\"urlTemplate\":\"https:\\\/\\\/physikalische-therapie.net\\\/?s={search_term_string}\"},\"query-input\":{\"@type\":\"PropertyValueSpecification\",\"valueRequired\":true,\"valueName\":\"search_term_string\"}}],\"inLanguage\":\"de\"},{\"@type\":\"Organization\",\"@id\":\"https:\\\/\\\/physikalische-therapie.net\\\/#organization\",\"name\":\"Praxis f\u00fcr K\u00f6rpertherapie und Physikaliche Medizin\",\"url\":\"https:\\\/\\\/physikalische-therapie.net\\\/\",\"logo\":{\"@type\":\"ImageObject\",\"inLanguage\":\"de\",\"@id\":\"https:\\\/\\\/physikalische-therapie.net\\\/#\\\/schema\\\/logo\\\/image\\\/\",\"url\":\"https:\\\/\\\/physikalische-therapie.net\\\/wp-content\\\/uploads\\\/Logo-quadratisch.jpg\",\"contentUrl\":\"https:\\\/\\\/physikalische-therapie.net\\\/wp-content\\\/uploads\\\/Logo-quadratisch.jpg\",\"width\":2000,\"height\":2000,\"caption\":\"Praxis f\u00fcr K\u00f6rpertherapie und Physikaliche Medizin\"},\"image\":{\"@id\":\"https:\\\/\\\/physikalische-therapie.net\\\/#\\\/schema\\\/logo\\\/image\\\/\"}}]}<\/script>\n<!-- \/ Yoast SEO plugin. -->","yoast_head_json":{"title":"Haltung und Bewegung","robots":{"index":"index","follow":"follow","max-snippet":"max-snippet:-1","max-image-preview":"max-image-preview:large","max-video-preview":"max-video-preview:-1"},"canonical":"https:\/\/physikalische-therapie.net\/?page_id=4228","og_locale":"de_DE","og_type":"article","og_title":"Haltung und Bewegung","og_description":"Haltung und Bewegung durch Ganzk\u00f6rpertraining Bewegungsmuster werden in unserem motorischen Ged\u00e4chtnis abgespeichert. Das erleichtert unser Leben ungemein. Denn wir m\u00fcssen nicht \u00fcber jeden Bewegungsablauf nachdenken. Falsche und richtige Bewegungsmuster Abgespeichert werden Bewegungsmuster dann, wenn wir die gleichen Bewegungsabl\u00e4ufe regelm\u00e4\u00dfig wiederholen. Leider sind das h\u00e4ufig auch Fehlhaltungen: falsches Sitzen bei Schreibtischarbeit und Autofahren, einseitige k\u00f6rperliche Belastungen [&hellip;]","og_url":"https:\/\/physikalische-therapie.net\/?page_id=4228","og_site_name":"Praxis f\u00fcr K\u00f6rpertherapie","article_modified_time":"2026-01-27T20:03:50+00:00","og_image":[{"width":450,"height":479,"url":"https:\/\/physikalische-therapie.net\/wp-content\/uploads\/Sport.jpg","type":"image\/jpeg"}],"twitter_card":"summary_large_image","twitter_misc":{"Gesch\u00e4tzte Lesezeit":"2\u00a0Minuten"},"schema":{"@context":"https:\/\/schema.org","@graph":[{"@type":"WebPage","@id":"https:\/\/physikalische-therapie.net\/?page_id=4228","url":"https:\/\/physikalische-therapie.net\/?page_id=4228","name":"Haltung und Bewegung","isPartOf":{"@id":"https:\/\/physikalische-therapie.net\/#website"},"primaryImageOfPage":{"@id":"https:\/\/physikalische-therapie.net\/?page_id=4228#primaryimage"},"image":{"@id":"https:\/\/physikalische-therapie.net\/?page_id=4228#primaryimage"},"thumbnailUrl":"https:\/\/physikalische-therapie.net\/wp-content\/uploads\/Sport.jpg","datePublished":"2026-01-11T12:31:21+00:00","dateModified":"2026-01-27T20:03:50+00:00","breadcrumb":{"@id":"https:\/\/physikalische-therapie.net\/?page_id=4228#breadcrumb"},"inLanguage":"de","potentialAction":[{"@type":"ReadAction","target":["https:\/\/physikalische-therapie.net\/?page_id=4228"]}]},{"@type":"ImageObject","inLanguage":"de","@id":"https:\/\/physikalische-therapie.net\/?page_id=4228#primaryimage","url":"https:\/\/physikalische-therapie.net\/wp-content\/uploads\/Sport.jpg","contentUrl":"https:\/\/physikalische-therapie.net\/wp-content\/uploads\/Sport.jpg","width":450,"height":479},{"@type":"BreadcrumbList","@id":"https:\/\/physikalische-therapie.net\/?page_id=4228#breadcrumb","itemListElement":[{"@type":"ListItem","position":1,"name":"Start","item":"https:\/\/physikalische-therapie.net\/"},{"@type":"ListItem","position":2,"name":"Gruppen","item":"https:\/\/physikalische-therapie.net\/?page_id=4209"},{"@type":"ListItem","position":3,"name":"Haltung und Bewegung"}]},{"@type":"WebSite","@id":"https:\/\/physikalische-therapie.net\/#website","url":"https:\/\/physikalische-therapie.net\/","name":"Praxis f\u00fcr K\u00f6rpertherapie","description":"und Physikalische Medizin","publisher":{"@id":"https:\/\/physikalische-therapie.net\/#organization"},"potentialAction":[{"@type":"SearchAction","target":{"@type":"EntryPoint","urlTemplate":"https:\/\/physikalische-therapie.net\/?s={search_term_string}"},"query-input":{"@type":"PropertyValueSpecification","valueRequired":true,"valueName":"search_term_string"}}],"inLanguage":"de"},{"@type":"Organization","@id":"https:\/\/physikalische-therapie.net\/#organization","name":"Praxis f\u00fcr K\u00f6rpertherapie und Physikaliche Medizin","url":"https:\/\/physikalische-therapie.net\/","logo":{"@type":"ImageObject","inLanguage":"de","@id":"https:\/\/physikalische-therapie.net\/#\/schema\/logo\/image\/","url":"https:\/\/physikalische-therapie.net\/wp-content\/uploads\/Logo-quadratisch.jpg","contentUrl":"https:\/\/physikalische-therapie.net\/wp-content\/uploads\/Logo-quadratisch.jpg","width":2000,"height":2000,"caption":"Praxis f\u00fcr K\u00f6rpertherapie und Physikaliche Medizin"},"image":{"@id":"https:\/\/physikalische-therapie.net\/#\/schema\/logo\/image\/"}}]}},"_links":{"self":[{"href":"https:\/\/physikalische-therapie.net\/index.php?rest_route=\/wp\/v2\/pages\/4228","targetHints":{"allow":["GET"]}}],"collection":[{"href":"https:\/\/physikalische-therapie.net\/index.php?rest_route=\/wp\/v2\/pages"}],"about":[{"href":"https:\/\/physikalische-therapie.net\/index.php?rest_route=\/wp\/v2\/types\/page"}],"author":[{"embeddable":true,"href":"https:\/\/physikalische-therapie.net\/index.php?rest_route=\/wp\/v2\/users\/5"}],"replies":[{"embeddable":true,"href":"https:\/\/physikalische-therapie.net\/index.php?rest_route=%2Fwp%2Fv2%2Fcomments&post=4228"}],"version-history":[{"count":4,"href":"https:\/\/physikalische-therapie.net\/index.php?rest_route=\/wp\/v2\/pages\/4228\/revisions"}],"predecessor-version":[{"id":4394,"href":"https:\/\/physikalische-therapie.net\/index.php?rest_route=\/wp\/v2\/pages\/4228\/revisions\/4394"}],"up":[{"embeddable":true,"href":"https:\/\/physikalische-therapie.net\/index.php?rest_route=\/wp\/v2\/pages\/4209"}],"wp:attachment":[{"href":"https:\/\/physikalische-therapie.net\/index.php?rest_route=%2Fwp%2Fv2%2Fmedia&parent=4228"}],"curies":[{"name":"wp","href":"https:\/\/api.w.org\/{rel}","templated":true}]}}